{"id":59,"date":"2023-04-25T16:46:03","date_gmt":"2023-04-25T14:46:03","guid":{"rendered":"https:\/\/vonbingenno.wordpress.com\/?page_id=59"},"modified":"2023-04-28T11:58:16","modified_gmt":"2023-04-28T11:58:16","slug":"om-oss","status":"publish","type":"page","link":"https:\/\/vonbingen.no\/hjem\/om-oss\/","title":{"rendered":"Om oss"},"content":{"rendered":"\n<p>von Bingen er Marianne Baudouin Lie, Hild Borchgrevink og Bente Leiknes Thorsens feministiske lekegrind.<\/p>\n\n\n\n<div style=\"height:100px\" aria-hidden=\"true\" class=\"wp-block-spacer\"><\/div>\n\n\n\n<div class=\"wp-block-columns is-layout-flex wp-container-core-columns-is-layout-9d6595d7 wp-block-columns-is-layout-flex\">\n<div class=\"wp-block-column is-layout-flow wp-block-column-is-layout-flow\" style=\"flex-basis:33.34%\">\n<h2 class=\"wp-block-heading\">Marianne B. Lie<\/h2>\n\n\n\n<p>spiller cello<\/p>\n\n\n\n<p>skriver tekst<\/p>\n\n\n\n<p>improviserer og synes samtidskunst og musikk er g\u00f8y<\/p>\n\n\n\n<p>l\u00f8per rundt litt generelt  <\/p>\n\n\n\n<p>sl\u00e5ss litt i hvit pysjamas innimellom konserter<\/p>\n\n\n\n<p>underviser og forsker og tenker<\/p>\n\n\n\n<p>har laget en flokk med mennesker<\/p>\n\n\n\n<p>kommer fra en familie med r\u00f8dstr\u00f8mper<\/p>\n\n\n\n<figure class=\"wp-block-image size-large is-resized\"><img loading=\"lazy\" decoding=\"async\" src=\"https:\/\/vonbingen.no\/wp-content\/uploads\/2023\/04\/MarianneLie-1024x683.jpeg\" alt=\"\" class=\"wp-image-385\" width=\"326\" height=\"217\" srcset=\"https:\/\/vonbingen.no\/wp-content\/uploads\/2023\/04\/MarianneLie-1024x683.jpeg 1024w, https:\/\/vonbingen.no\/wp-content\/uploads\/2023\/04\/MarianneLie-300x200.jpeg 300w, https:\/\/vonbingen.no\/wp-content\/uploads\/2023\/04\/MarianneLie-768x512.jpeg 768w, https:\/\/vonbingen.no\/wp-content\/uploads\/2023\/04\/MarianneLie-1536x1024.jpeg 1536w, https:\/\/vonbingen.no\/wp-content\/uploads\/2023\/04\/MarianneLie-1116x744.jpeg 1116w, https:\/\/vonbingen.no\/wp-content\/uploads\/2023\/04\/MarianneLie-806x538.jpeg 806w, https:\/\/vonbingen.no\/wp-content\/uploads\/2023\/04\/MarianneLie-558x372.jpeg 558w, https:\/\/vonbingen.no\/wp-content\/uploads\/2023\/04\/MarianneLie-655x437.jpeg 655w, https:\/\/vonbingen.no\/wp-content\/uploads\/2023\/04\/MarianneLie.jpeg 1600w\" sizes=\"auto, (max-width: 326px) 100vw, 326px\" \/><\/figure>\n<\/div>\n\n\n\n<div class=\"wp-block-column is-layout-flow wp-block-column-is-layout-flow\" style=\"flex-basis:33.34%\">\n<h2 class=\"wp-block-heading\">Hild Borchgrevink<\/h2>\n\n\n\n<p>skriver tekst<\/p>\n\n\n\n<p>lager installasjoner<\/p>\n\n\n\n<p>holder p\u00e5 med en doktorgrad om skapende praksiser i ny partiturmusikk med en d\u00e6sj feministisk historiografi<\/p>\n\n\n\n<p>holder skrivekurs, kuraterer, redigerer, er dramaturg og har produsert en haug med samtidsmusikkonserter<\/p>\n\n\n\n<p>glad i offentlighet og i biblioteker som sted og metode<\/p>\n\n\n<div class=\"wp-block-image\">\n<figure class=\"aligncenter size-large is-resized\"><img loading=\"lazy\" decoding=\"async\" src=\"http:\/\/vonbingen.no\/wp-content\/uploads\/2023\/04\/hildish-576x1024.jpeg\" alt=\"\" class=\"wp-image-392\" width=\"256\" height=\"455\" srcset=\"https:\/\/vonbingen.no\/wp-content\/uploads\/2023\/04\/hildish-576x1024.jpeg 576w, https:\/\/vonbingen.no\/wp-content\/uploads\/2023\/04\/hildish-169x300.jpeg 169w, https:\/\/vonbingen.no\/wp-content\/uploads\/2023\/04\/hildish-768x1365.jpeg 768w, https:\/\/vonbingen.no\/wp-content\/uploads\/2023\/04\/hildish-864x1536.jpeg 864w, https:\/\/vonbingen.no\/wp-content\/uploads\/2023\/04\/hildish-1152x2048.jpeg 1152w, https:\/\/vonbingen.no\/wp-content\/uploads\/2023\/04\/hildish-1612x2866.jpeg 1612w, https:\/\/vonbingen.no\/wp-content\/uploads\/2023\/04\/hildish-1116x1984.jpeg 1116w, https:\/\/vonbingen.no\/wp-content\/uploads\/2023\/04\/hildish-806x1433.jpeg 806w, https:\/\/vonbingen.no\/wp-content\/uploads\/2023\/04\/hildish-558x992.jpeg 558w, https:\/\/vonbingen.no\/wp-content\/uploads\/2023\/04\/hildish-655x1164.jpeg 655w, https:\/\/vonbingen.no\/wp-content\/uploads\/2023\/04\/hildish-scaled.jpeg 1440w\" sizes=\"auto, (max-width: 256px) 100vw, 256px\" \/><\/figure>\n<\/div>\n\n\n<p><\/p>\n<\/div>\n\n\n\n<div class=\"wp-block-column is-layout-flow wp-block-column-is-layout-flow\" style=\"flex-basis:33.33%\">\n<h2 class=\"wp-block-heading\">Bente L. Thorsen<\/h2>\n\n\n\n<p>skriver musikk<\/p>\n\n\n\n<p>skriver tekst<\/p>\n\n\n\n<p>l\u00f8per rundt i r\u00f8d ballkjole p\u00e5 scenen n\u00e5r det passer s\u00e5nn<\/p>\n\n\n\n<p>kan spinne garn og karde ull<\/p>\n\n\n\n<p>har gitt tilskudd til verdenspopulasjonen<\/p>\n\n\n\n<p>r\u00f8dstr\u00f8mpe, r\u00f8de briller, generelt en del r\u00f8dt<\/p>\n\n\n\n<figure class=\"wp-block-image size-large\"><img loading=\"lazy\" decoding=\"async\" width=\"1010\" height=\"1024\" src=\"http:\/\/vonbingen.no\/wp-content\/uploads\/2023\/04\/DSC_6556-1010x1024.jpg\" alt=\"\" class=\"wp-image-381\" srcset=\"https:\/\/vonbingen.no\/wp-content\/uploads\/2023\/04\/DSC_6556-1010x1024.jpg 1010w, https:\/\/vonbingen.no\/wp-content\/uploads\/2023\/04\/DSC_6556-296x300.jpg 296w, https:\/\/vonbingen.no\/wp-content\/uploads\/2023\/04\/DSC_6556-768x778.jpg 768w, https:\/\/vonbingen.no\/wp-content\/uploads\/2023\/04\/DSC_6556-1515x1536.jpg 1515w, https:\/\/vonbingen.no\/wp-content\/uploads\/2023\/04\/DSC_6556-2021x2048.jpg 2021w, https:\/\/vonbingen.no\/wp-content\/uploads\/2023\/04\/DSC_6556-1612x1634.jpg 1612w, https:\/\/vonbingen.no\/wp-content\/uploads\/2023\/04\/DSC_6556-1116x1131.jpg 1116w, https:\/\/vonbingen.no\/wp-content\/uploads\/2023\/04\/DSC_6556-806x817.jpg 806w, https:\/\/vonbingen.no\/wp-content\/uploads\/2023\/04\/DSC_6556-558x566.jpg 558w, https:\/\/vonbingen.no\/wp-content\/uploads\/2023\/04\/DSC_6556-655x664.jpg 655w\" sizes=\"auto, (max-width: 1010px) 100vw, 1010px\" \/><\/figure>\n<\/div>\n<\/div>\n","protected":false},"excerpt":{"rendered":"<p>von Bingen er Marianne Baudouin Lie, Hild Borchgrevink og Bente Leiknes Thorsens feministiske lekegrind. Marianne B. Lie spiller cello skriver tekst improviserer og synes samtidskunst og musikk er g\u00f8y l\u00f8per rundt litt generelt sl\u00e5ss litt i hvit pysjamas innimellom konserter underviser og forsker og tenker har laget en flokk med mennesker kommer fra en familie&hellip;<\/p>\n","protected":false},"author":2,"featured_media":0,"parent":0,"menu_order":0,"comment_status":"closed","ping_status":"closed","template":"","meta":{"_acf_changed":false,"footnotes":""},"class_list":["post-59","page","type-page","status-publish","hentry"],"acf":[],"_links":{"self":[{"href":"https:\/\/vonbingen.no\/hjem\/wp-json\/wp\/v2\/pages\/59","targetHints":{"allow":["GET"]}}],"collection":[{"href":"https:\/\/vonbingen.no\/hjem\/wp-json\/wp\/v2\/pages"}],"about":[{"href":"https:\/\/vonbingen.no\/hjem\/wp-json\/wp\/v2\/types\/page"}],"author":[{"embeddable":true,"href":"https:\/\/vonbingen.no\/hjem\/wp-json\/wp\/v2\/users\/2"}],"replies":[{"embeddable":true,"href":"https:\/\/vonbingen.no\/hjem\/wp-json\/wp\/v2\/comments?post=59"}],"version-history":[{"count":9,"href":"https:\/\/vonbingen.no\/hjem\/wp-json\/wp\/v2\/pages\/59\/revisions"}],"predecessor-version":[{"id":401,"href":"https:\/\/vonbingen.no\/hjem\/wp-json\/wp\/v2\/pages\/59\/revisions\/401"}],"wp:attachment":[{"href":"https:\/\/vonbingen.no\/hjem\/wp-json\/wp\/v2\/media?parent=59"}],"curies":[{"name":"wp","href":"https:\/\/api.w.org\/{rel}","templated":true}]}}