{"id":61,"date":"2023-04-25T16:46:05","date_gmt":"2023-04-25T14:46:05","guid":{"rendered":"https:\/\/vonbingenno.wordpress.com\/?page_id=61"},"modified":"2023-04-27T19:07:52","modified_gmt":"2023-04-27T19:07:52","slug":"ressurser","status":"publish","type":"page","link":"https:\/\/vonbingen.no\/hjem\/ressurser\/","title":{"rendered":"Ressurser"},"content":{"rendered":"<div class=\"wpb-content-wrapper\"><p>[vc_row][vc_column][vc_column_text]i von Bingen samler vi p\u00e5 mye forskjellig og her p\u00e5 ressursene kan du sjekke ut samlingene v\u00e5re.[\/vc_column_text][vc_empty_space][\/vc_column][\/vc_row]<\/p>\n<\/div>","protected":false},"excerpt":{"rendered":"<p>[vc_row][vc_column][vc_column_text]i von Bingen samler vi p\u00e5 mye forskjellig og her p\u00e5 ressursene kan du sjekke ut samlingene v\u00e5re.[\/vc_column_text][vc_empty_space][\/vc_column][\/vc_row]<\/p>\n","protected":false},"author":2,"featured_media":0,"parent":0,"menu_order":0,"comment_status":"closed","ping_status":"closed","template":"","meta":{"_acf_changed":false,"footnotes":""},"class_list":["post-61","page","type-page","status-publish","hentry"],"acf":[],"_links":{"self":[{"href":"https:\/\/vonbingen.no\/hjem\/wp-json\/wp\/v2\/pages\/61","targetHints":{"allow":["GET"]}}],"collection":[{"href":"https:\/\/vonbingen.no\/hjem\/wp-json\/wp\/v2\/pages"}],"about":[{"href":"https:\/\/vonbingen.no\/hjem\/wp-json\/wp\/v2\/types\/page"}],"author":[{"embeddable":true,"href":"https:\/\/vonbingen.no\/hjem\/wp-json\/wp\/v2\/users\/2"}],"replies":[{"embeddable":true,"href":"https:\/\/vonbingen.no\/hjem\/wp-json\/wp\/v2\/comments?post=61"}],"version-history":[{"count":2,"href":"https:\/\/vonbingen.no\/hjem\/wp-json\/wp\/v2\/pages\/61\/revisions"}],"predecessor-version":[{"id":305,"href":"https:\/\/vonbingen.no\/hjem\/wp-json\/wp\/v2\/pages\/61\/revisions\/305"}],"wp:attachment":[{"href":"https:\/\/vonbingen.no\/hjem\/wp-json\/wp\/v2\/media?parent=61"}],"curies":[{"name":"wp","href":"https:\/\/api.w.org\/{rel}","templated":true}]}}